t the prime factors of (-4)/(-6) - f/(-6).
3
Let b = 14 + -8. Let s = -6 + b. Let y = 17 - s. List the prime factors of y.
17
Suppose 0*t - t = -207. What are the prime factors of t?
3, 23
Let t(j) = 3*j**2 + 3*j + 4. What are the prime factors of t(-3)?
2, 11
Let k(t) be the second derivative of t**4/12 + t**3 + 2*t**2 - t. Suppose 3*r = r - 12. List the prime factors of k(r).
2
Let u = 1 + 3. Suppose -s + u*s = 3. Let t(w) = 17*w**3 - w**2. What are the prime factors of t(s)?
2
Suppose -15 = -3*d + 48. List the prime factors of d.
3, 7
Let m(c) = -c**3 - 3*c**2 + 5*c + 6. Let i be m(-4). Suppose -8 = -5*a - 3*v, 0 = -3*a + i*a - 2*v - 4. What are the prime factors of a?
2
Let n(i) = -2*i - 32. Let r be n(0). Let x = 3 - r. List the prime factors of x.
5, 7
Let f be (-17)/(1 - (-6)/(-4)). Suppose 4*p = 2*j - f + 118, 3 = p - 5*j. What are the prime factors of p?
23
Suppose 21 = -y + 9. Let v = -4 - y. Suppose 16 = 2*h - v. What are the prime factors of h?
2, 3
Let z(w) = w**3 - 5*w**2 - 4*w. Let g be z(5). List the prime factors of g/3*(-9)/6.
2, 5
Let h = -185 - -372. What are the prime factors of h?
11, 17
Let f be 12/(-2 + -1)*-1. Let h be (10/f)/(9/(-18)). List the prime factors of (8/h)/((-6)/15).
2
Let q = 6 - 4. Suppose f - 2*u - 12 = -f, -3*f = -q*u - 13. What are the prime factors of (f - -1)/1*2?
2
Let z(s) = -s**3 - 5*s**2 + 3*s - 2. Let y be z(-3). Let r = -27 - y. What are the prime factors of r?
2
Let p(d) = -d**2 + 7*d - 3. Let q be p(7). Let k = q + 5. Suppose -k*s = -s - 5. List the prime factors of s.
5
Suppose 196 = 2*w + 24. Let s = 128 - w. List the prime factors of s.
2, 3, 7
Suppose 4 = -d + 3*d. Suppose -d*t - 60 = -7*t. What are the prime factors of t?
2, 3
Let y be (-1 + 0)*(-24)/4. Suppose 0 = -2*n + 5*n - y. Suppose 0 = 5*r + 4*d - 21, 4*d = n*r - 6 - 8. What are the prime factors of r?
5
Suppose 5*q = -o + 20, 0*q + 5*o - 12 = -3*q. Suppose u + 5*c = -2*u + 52, -5*u = -5*c - 60. What are the prime factors of (-94)/(-14) + q/u?
7
Suppose 0 = 6*g - g. Suppose g = 5*r - 5*x - 75, 0*r + 5 = -2*r - 5*x. What are the prime factors of r?
2, 5
Suppose 4*w = -o - 0*o + 4, 2*w = -2*o - 4. What are the prime factors of -12*(w/4)/(-1)?
2, 3
Suppose 6*i - 14 + 2 = 0. Suppose -4*f + i*f = -96. List the prime factors of f.
2, 3
Let t(p) = p**2 + 2*p - 2. List the prime factors of t(6).
2, 23
Let a(j) = j**2 + j + 10. Let p be a(0). Suppose 0 = 5*f - 5*b - 40 - p, 0 = 4*f + b - 50. List the prime factors of f.
2, 3
Suppose v + 12 = -5*j, 3*v - 7*v - 4*j = 0. List the prime factors of 4 - 1*(v - 4).
5
Suppose -365 = -4*s - 5*o, 175 = 2*s + 3*o + 2*o. What are the prime factors of s?
5, 19
Let v = 110 + 9. Let i = v - 247. What are the prime factors of (-18)/(-8)*i/(-24)?
2, 3
Let g = 70 + -37. What are the prime factors of g?
3, 11
What are the prime factors of (-6 + 768/(-10))/(2/(-5))?
3, 23
Let t = -5 - -7. Let r(g) be the third derivative of g**4/6 + g**3/6 + g**2. List the prime factors of r(t).
3
Let f = 6 - 10. Let n = f - -7. List the prime factors of n/1 + (-2)/2.
2
Suppose -9*t + 1305 + 1035 = 0. List the prime factors of t.
2, 5, 13
Let x be 42/10 + 4/(-20). Suppose -s + x*u + 63 = 4*s, -24 = -2*s + u. List the prime factors of s.
11
Let q be (-5)/(-15) - (-11)/3. Suppose 9 = q*z - z. Suppose 3*u + 4*m - 43 = 0, 0 = -2*u - z*m + m + 28. List the prime factors of u.
13
Suppose c - 4*n = 3*c - 26, n = c + 2. Suppose 169 = c*m + 5*r, 5*m + 0*r = -r + 311. Suppose 5*o - 32 - m = 0. List the prime factors of o.
19
Suppose 42 = -3*y - 4*i, -y + 0*i = 2*i + 14. Let z = -4 - y. List the prime factors of z.
2, 5
Let o = 1 + 3. Suppose -4*j + o = -5*j. Let c(p) = -p**3 - 4*p**2 - p + 2. What are the prime factors of c(j)?
2, 3
Suppose 0*q = 2*q - 12. Suppose q*m - 3*m = 6. Suppose 0*w = -m*w + 14. What are the prime factors of w?
7
Suppose 20 = -z + 5*z. Suppose 0 = z*k - 1 - 4. Let d = k - -11. What are the prime factors of d?
2, 3
Let x(k) = 5*k**2 - 10*k + 14. List the prime factors of x(-7).
7, 47
Let x(v) = -v**3 + 13*v**2 - 9*v - 9. List the prime factors of x(12).
3
Let b(r) = 3*r**2 + 7*r + 27. List the prime factors of b(-5).
67
Suppose 0 = -4*a + 2*a + 2. Suppose x = 3 + a. Suppose x = 2*h - 8. List the prime factors of h.
2, 3
Suppose 0 = -2*w + 5*w + 6, -3*w - 15 = -3*q. Suppose q*j + 2*o - 3*o - 33 = 0, -5*j - 2*o + 55 = 0. What are the prime factors of j?
11
What are the prime factors of -11*352/(-20) - 4/(-10)?
2, 97
Let r(o) = o - 10. Let l be r(0). Let m be 9/5 - 17/(-85). What are the prime factors of m/((l/3)/(-5))?
3
What are the prime factors of (-133)/(-21) + -6 + 398/3?
7, 19
Suppose 11 = -l + 33. Let n = 59 - l. What are the prime factors of n?
37
Let d(u) = 19*u**2 - 7*u + 5. What are the prime factors of d(2)?
67
Let b = -1 + 4. Let j = 15 - b. List the prime factors of j.
2, 3
Suppose -5*r = k + 3*k + 1164, -k - 312 = -4*r. What are the prime factors of (8/(-32))/(2/k)?
37
Suppose -3*x + 20 = x. Suppose 0*f + f + 2*a - 4 = 0, x*a = f + 3. Let j(p) = p**3 - 2*p**2 + 3*p. What are the prime factors of j(f)?
2, 3
Suppose s + 232 = 4*k + 3*s, -k = 4*s - 51. List the prime factors of k.
59
Let d be -7 - (-2 - -1)*-2. Let y be -39*(2 + 21/d). Let t = 7 + y. What are the prime factors of t?
2, 5
Let s(o) = o**2 - 9*o + 4. Let k be s(9). Suppose 18 = -k*p + 74. What are the prime factors of p?
2, 7
Suppose -5*k + 175 = 2*f, -3*f - 14*k + 305 = -15*k. List the prime factors of f.
2, 5
Let r(n) = -n - 3. Let b be r(-3). List the prime factors of (b - (-12)/(-10))*-5.
2, 3
Let s(b) = -b**3 - 7*b**2 - 4*b + 5. Let o be s(-6). Let z = o + 11. List the prime factors of z.
2
Let t(z) = -12*z - 1. List the prime factors of t(-3).
5, 7
Let o(j) be the third derivative of j**5/60 - 5*j**4/24 + 3*j**3/2 + 2*j**2. Suppose -20 = 4*l, -2*q + 15 = -5*l - 22. List the prime factors of o(q).
3, 5
Suppose 20 = 2*u - 92. What are the prime factors of u?
2, 7
Let f(j) = j. Let b(v) = -10*v - 10. Let x(y) = b(y) + 5*f(y). What are the prime factors of x(-4)?
2, 5
Let u = -3 - -2. List the prime factors of 4 + 1 - (u + 1).
5
Suppose 2*y + 0*y = -26. Let u(v) = -v**3 - 14*v**2 - 13*v + 7. List the prime factors of u(y).
7
Let n(t) = 3*t**2 - 15*t + 26. What are the prime factors of n(9)?
2, 67
Suppose 6*z - 561 + 201 = 0. List the prime factors of z.
2, 3, 5
Let b = 2 - -13. Suppose 0 = 5*a + 5*u - b, -a + 3 = a + 5*u. List the prime factors of a.
2
Suppose 3*w - 54 = -2*t, 0*w = 3*t + 3*w - 81. What are the prime factors of t?
3
List the prime factors of ((-5)/10)/((-1)/40).
2, 5
Let j(k) = -k**2 + 21. Suppose 4*y = -0*y. What are the prime factors of j(y)?
3, 7
Suppose 5*k - 55 = -5*m, -6 = m - k - 21. Suppose 10*y = m*y - 51. What are the prime factors of y?
17
Let t = 120 - 103. List the prime factors of t.
17
Let k(y) = 2*y - 6. Let o(z) = -2*z**2 - 1. Let i(m) = -m**2 - m + 1. Let x(h) = -3*i(h) + o(h). Let b be x(-5). List the prime factors of k(b).
2, 3
List the prime factors of 36/(-54) - (-332)/3.
2, 5, 11
Let q = -1 - -3. Suppose q*u = 2*g - 34, 29 = 5*g + 3*u - 48. What are the prime factors of g?
2
Suppose 229 = -2*x - 71. What are the prime factors of (-4)/(-12) - x/9?
17
Let g be 12 + -1 + 1 + -3. Let r = 21 - g. List the prime factors of r.
2, 3
Let c(i) = -i**3 + 5*i - 8. What are the prime factors of c(-5)?
2, 23
Let z = 4 - 13. Let q = z - -14. What are the prime factors of q?
5
Let o(b) = b + 13. Let s be o(-6). Suppose -s - 13 = -4*g. What are the prime factors of g?
5
Suppose -3*v + 0*y + 78 = -3*y, 5*y = 2*v - 61. What are the prime factors of v?
23
Suppose -4 = 2*h - 3*s, 7*h - 24 = 2*h - s. Suppose u - 6*u - 4*p + 200 = 0, 2*p + 134 = h*u. What are the prime factors of u?
2, 3
Let n(o) = -5*o - 48. What are the prime factors of n(-27)?
3, 29
Let v(q) = -2*q**2 + 7*q + 2. Let c(h) = h**2 + 1. Let j(d) = -c(d) - v(d). Let a(r) = 2*r + 43. Let w be a(-17). What are the prime factors of j(w)?
3, 5
Suppose -5*b + 4*b + i + 80 = 0, -i - 163 = -2*b. List the prime factors of b.
83
Let b(h) = 3*h**2 - 4. Suppose 0 = -0*f - f + 2. Let w be -6 - -5 - 1*f. What are the prime factors of b(w)?
23
Suppose -4*f + 3*f + 24 = q, -q + 2 = 0. Let r = f + -16. Let z = r - 3. What are the prime factors of z?
3
Let y(j) = j**